t is the hundreds digit of -6422*14/(-28) + -11?
2
Let w = -15801 + 37103. What is the ten thousands digit of w?
2
Let x(n) = 940*n**2 + n + 1. Let j be x(-1). Let s be 1/(5*6/150). Suppose 0*y = -s*y + j. What is the hundreds digit of y?
1
Let r = 7012 - 5341. What is the thousands digit of r?
1
Suppose v = -5*y + 21, y - 25 = 7*v - 2*v. Suppose -4 = -2*k, 0*k + y*k + 3382 = 4*a. What is the units digit of a?
8
Suppose -3*q + 35529 = -2*t, 306*q - 311*q + 59201 = -t. What is the units digit of q?
9
Let a = 78 + -78. Let s(k) = -k**2 + 2*k + 8. Let y be s(a). Suppose -y*b - 791 = -15*b. What is the tens digit of b?
1
Suppose 0 = v + 5*q + 4, -12 = 3*v + q - 2*q. Let r be v*(-182)/36 - (-14)/(-63). Suppose -82 = -t + 3*j - r, t + 3*j = 74. What is the units digit of t?
8
Let j = 1873 + -1084. Let f = j + -417. What is the units digit of f?
2
Let o = 158 - 153. Suppose f = -3*z + 329, -24*f - o*z - 305 = -25*f. What is the units digit of f?
0
Suppose 8*r - 15*r + 147 = 0. Let b be (-6 - 1)*(-246)/r. Suppose o - 2*i + 0*i = b, 5*i = 5*o - 400. What is the tens digit of o?
7
Let t(z) = -z**3 + 18*z**2 + 38*z + 47. Let m be t(20). Suppose 0 = m*k + 10*k - 6579. What is the hundreds digit of k?
3
Let b(t) = -t**3 - 9*t**2 - 17*t + 2. Let l be b(-6). What is the tens digit of l/32 + (-6532)/(-32)?
0
Suppose 0 = 5*b, 2*b + 341 + 971 = 2*x. Suppose c - 150 = x. What is the hundreds digit of c?
8
Let d(x) = -3*x + 82. Let i be d(25). Suppose -6*k + i*k = 5*h + 601, h - 1235 = -2*k. What is the tens digit of k?
1
Let g(c) = 70*c**2 + 3*c - 2. Let j be g(1). Suppose -250 = -3*o + j. Suppose -2*r + 149 = -o. What is the tens digit of r?
2
What is the hundreds digit of (-40)/(-1)*((-72)/(-64) - 1) - -71864?
8
Let r be (177/(-2))/((-183)/30 - -6). Suppose 8*n = 3075 + r. What is the hundreds digit of n?
4
Let x(q) = -1501*q - 819. What is the hundreds digit of x(-8)?
1
Let s(u) = 216*u**2 - 9*u + 131. What is the thousands digit of s(-4)?
3
Suppose 2*d - 3671 = 3*x, 2*d + 9104 = 7*d + 3*x. What is the thousands digit of d?
1
Let g be (0 + 2)/(15 - 14). Let c be 46/8 + 11/((-264)/18). Suppose 0 = 3*p + 2*k - 544, -c*p + g*k + 880 = -0*p. What is the tens digit of p?
7
Let m be 5*-3*2/(-10). Let z be 1*724 - (6/m + -4). Suppose -3*i + 618 = q + 80, 4*i - 3*q = z. What is the hundreds digit of i?
1
Let t = -194 - -1583. What is the units digit of t?
9
Let w(j) = -55*j**3 + 3*j**2 + 3*j + 1. Let k be w(-1). Let a be (-1)/(20/k)*5/(-2). What is the tens digit of 1/((28/96)/a)?
2
What is the units digit of (-42656)/66*-6 - (-26)/143?
8
Let u = 41 + -45. Let o be (-4 - (-2 + u)) + 0. Suppose 0*m - o*m - 276 = -3*b, -2*m = 2*b - 174. What is the tens digit of b?
9
Let j(w) = 1207*w + 16. Let q be j(2). Suppose 4584 = 14*f - q. What is the tens digit of f?
0
Suppose -392*j + 403*j - 45633 = 184630. What is the tens digit of j?
3
Suppose 6*x - 3*i + 1326 = 11*x, 2*i = x - 273. Suppose -4*u + x = -d - 14, 3*d + 353 = 5*u. What is the tens digit of u?
7
Let d(t) = -234*t - 3645. What is the thousands digit of d(-99)?
9
Suppose 0 = 29*p + 27 + 147. What is the units digit of ((-13878)/72)/(p/8)?
7
Let z be (-1)/3 - -32*4/24. Suppose 5*s = z*m + 1130, 4*s + 228 = 5*m + 1136. What is the units digit of s?
2
Suppose 3*c - 4148 = -23. Let r = c + -505. What is the tens digit of r?
7
Suppose 3*r + 2108 = -2*l, -4*r = -0*r - 5*l + 2826. What is the tens digit of (3 - r/(-12))*-3?
6
Let p(i) = 7*i**2 + 7*i + 92. Let w = -97 - -88. What is the units digit of p(w)?
6
Let x(b) = 112*b**2 - 19*b - 3. Let y(i) = -114*i**2 + 20*i + 4. Let p(w) = 3*x(w) + 2*y(w). What is the units digit of p(-2)?
5
Let k be 15/(-6)*12/(-15). Suppose 36 = 2*w - k*g, -2*w + g + 30 = -3*g. Let s = -7 + w. What is the units digit of s?
4
Let l(w) = -w**2 - 11*w + 8. Let s be l(5). Let t be 6/(-2)*6*(-4)/s. What is the units digit of -12 + 10 - -1*(t - -203)?
0
Suppose -3*d - 1 = -4, 3 = 4*a + 3*d. Suppose a = 13*l - 1084 - 385. What is the tens digit of l?
1
Let k(z) = 21*z**2 + 4*z + 6. Let n be k(-5). Let w = 734 - n. Suppose 306 = 3*r + 3*h, 3*r = -4*h + 78 + w. What is the hundreds digit of r?
1
Let l(a) = -a**2 + 6*a + 10. Let c be l(7). Suppose -c*d = -8 + 2. Suppose d*m - 5 = m. What is the units digit of m?
5
Suppose 5*q = -5*r + 10*q + 97750, -2*q = 3*q. What is the thousands digit of r?
9
Let t(a) = 520*a - 89. What is the hundreds digit of t(24)?
3
Suppose 16*a = -17*a + 495. Let t(z) = -z**3 + 18*z**2 - 4*z + 17. What is the tens digit of t(a)?
3
Suppose -713410 + 279548 = -37*z. What is the units digit of z?
6
Suppose 14*z + 51648 - 153694 = 0. What is the units digit of z?
9
Let x(c) = -c - 2. Let j be x(-5). Suppose -w - 8 = j*i, w + 5*i - 4 = -20. Suppose 7*a + w - 60 = 0. What is the units digit of a?
8
Let m be (5 - 9) + 31/1. Let u be 393/9*-4*m/(-18). Suppose 603 + u = 5*h. What is the tens digit of h?
7
Let b(p) = 11*p - 37. Let q be b(4). Suppose q*g - 19*g + 5952 = 0. What is the hundreds digit of g?
4
Suppose 4*m = -14 - 6, -m = 2*q - 14935. What is the thousands digit of q?
7
Let g(p) = -27815*p + 167. Let t be g(4). What is the tens digit of t/(-285) - 6/(-5)?
9
Let u(o) = -253*o**3 - o**2 + 9*o + 11. What is the thousands digit of u(-3)?
6
Let d = -32 + 36. Suppose -d*a - 15 = -a. What is the units digit of a/((-5)/86) + 1?
7
Let b = -168 + -671. Let s = b - -1483. What is the tens digit of s?
4
Let i(r) = 53*r + 15. Let f be i(3). Let v = f - 59. What is the tens digit of v?
1
Suppose r = -7*d + 10*d - 24, 2*d - 16 = -5*r. Suppose 0 = -2*y - d, p - 4*y - 2611 = -4*p. What is the tens digit of p?
1
Suppose 3*o = 5*a - 60, -a - 7*o + 5*o - 1 = 0. Let q = 8 - a. What is the hundreds digit of (1 + -3)/(3*q/228)?
1
What is the units digit of 48/72 - 6697264/(-84)?
0
What is the thousands digit of 90912/36*((-68)/(-16) - 2)?
5
What is the hundreds digit of 89548/22 - (-596)/(-1639)?
0
Suppose -11*q = 10*q - 63. Suppose -q*d = -d + 2, 806 = n + 3*d. What is the tens digit of n?
0
Suppose -4*u + 4*p - 60 = 0, u - 10*p - 10 = -14*p. Let g(l) = l**2 - 87*l + 5. What is the tens digit of g(u)?
7
Suppose -17 = -s - 3*f, 6 + 3 = 2*s + f. Let m be (-5)/s*-2*(-6)/(-15). Suppose 0 = 2*y - b - 92, -2*y = -m*b - 0*b - 92. What is the units digit of y?
6
Let b = 17 - 18. Let j(t) = -6*t - 2. Let c be j(b). Suppose 3*v - 241 = c*h, -2*h + 0 = -10. What is the tens digit of v?
8
Suppose 4*n = -3*a + 721, 2*a = 3*n - 7*n + 722. Suppose 5*d = y - n, -5*y + 4*y + 161 = -d. What is the hundreds digit of y?
1
Let k(n) = n**3 - 66*n**2 - 51*n + 85. What is the thousands digit of k(69)?
0
Let x be 21340/8 - 25/10. Suppose -10*y + 3*f - 5325 = -14*y, 2*y - f = x. What is the units digit of y?
2
Let y = 11 - 7. Suppose -y*k + r + 200 = -r, 150 = 3*k + 4*r. Suppose 7*b = 69 + k. What is the units digit of b?
7
Suppose q - i - i - 2 = 0, -4 = 4*i. Suppose -3*h - 33 + 135 = q. What is the tens digit of h?
3
Suppose 26 = j - 1. Suppose c = -5*d - 555, 4*d + 244 = 2*d + 4*c. What is the units digit of (d/(-6))/(18/j)?
8
Let i(a) = -1426*a - 27. What is the tens digit of i(-4)?
7
Let t = 44161 + -12160. What is the units digit of t?
1
Let m(x) = -215*x + 15. Let k(t) = 43*t - 3. Let a(r) = -11*k(r) - 2*m(r). Let o be a(-3). What is the units digit of (o/(-3))/(-4)*1?
1
What is the thousands digit of (11/(33/10))/(21/(879417/22))?
6
Suppose -13 = 2*q + 11. Let j = q + 39. Suppose r - 39 = j. What is the units digit of r?
6
Suppose 3*w - 4*w = -170. Let d = w - 251. Let y = d + 165. What is the tens digit of y?
8
Let h(n) be the second derivative of 95*n**4/12 - n**3/6 + n**2/2 - 2*n. Let s be h(3). Suppose -s = -4*g - 145. What is the units digit of g?
7
Let u(m) = 12*m**2 - 8*m - 12. Let l be u(5). Suppose -2*h + 3*g = -6*h + 981, h - 2*g - l = 0. What is the hundreds digit of h?
2
Suppose 0 = -5*t - 0*t + 30. Let m(y) = -9*y**3 - 7*y**2 - 2*y - 13. Let h(b) = b**3 + b**2 + 1. Let z(k) = t*h(k) + m(k). What is the tens digit of z(-3)?
7
Let m = -6171 + 12437. What is the hundreds digit of m?
2
Suppose 4*k - k - 7*k + 29028 = 0. What is the thousands digit of k?
7
Let c(k) = -25135*k - 245. What is the tens digit of c(-1)?
9
Suppose b - 2*u - 16483 = 0, -37*b + 16479 = -36*b - 4*u. What is the hundreds digit 